{"id":100,"date":"2020-07-26T10:51:09","date_gmt":"2020-07-26T10:51:09","guid":{"rendered":"http:\/\/toplehrling.at\/?page_id=100"},"modified":"2023-04-27T08:20:01","modified_gmt":"2023-04-27T08:20:01","slug":"blog-angelika","status":"publish","type":"page","link":"https:\/\/toplehrling.at\/?page_id=100","title":{"rendered":"Lerncoaching"},"content":{"rendered":"\n<figure class=\"wp-block-image size-large is-resized\"><img loading=\"lazy\" decoding=\"async\" src=\"https:\/\/toplehrling.at\/wp-content\/uploads\/2021\/08\/P3020560-1-1024x768.jpg\" alt=\"\" class=\"wp-image-279\" width=\"499\" height=\"374\" srcset=\"https:\/\/toplehrling.at\/wp-content\/uploads\/2021\/08\/P3020560-1-1024x768.jpg 1024w, https:\/\/toplehrling.at\/wp-content\/uploads\/2021\/08\/P3020560-1-300x225.jpg 300w, https:\/\/toplehrling.at\/wp-content\/uploads\/2021\/08\/P3020560-1-768x576.jpg 768w, https:\/\/toplehrling.at\/wp-content\/uploads\/2021\/08\/P3020560-1-1536x1152.jpg 1536w, https:\/\/toplehrling.at\/wp-content\/uploads\/2021\/08\/P3020560-1-2048x1536.jpg 2048w, https:\/\/toplehrling.at\/wp-content\/uploads\/2021\/08\/P3020560-1-1920x1440.jpg 1920w\" sizes=\"auto, (max-width: 499px) 100vw, 499px\" \/><\/figure>\n\n\n\n<p>Erfolgreich die Ausbildung abzuschlie\u00dfen ist ein wichtiger Schritt f\u00fcr die Berufskarriere.<br>Gemeinsames Lernen und \u00dcben tr\u00e4gt zum Lernerfolg bei.<br>Der LUV (Lehrlingsunterst\u00fctzungsverein) bietet die M\u00f6glichkeit, dass gute Lehrlinge anderen beim Lernen helfen &#8211; eine Win-Win Situation f\u00fcr alle.<\/p>\n\n\n\n<figure class=\"wp-block-image size-large is-resized\"><a href=\"https:\/\/toplehrling.at\/?page_id=255\"><img loading=\"lazy\" decoding=\"async\" src=\"https:\/\/toplehrling.at\/wp-content\/uploads\/2021\/08\/LUV-Logo-ohne-Rand-1024x538.jpg\" alt=\"\" class=\"wp-image-261\" width=\"405\" height=\"213\" srcset=\"https:\/\/toplehrling.at\/wp-content\/uploads\/2021\/08\/LUV-Logo-ohne-Rand-1024x538.jpg 1024w, https:\/\/toplehrling.at\/wp-content\/uploads\/2021\/08\/LUV-Logo-ohne-Rand-300x158.jpg 300w, https:\/\/toplehrling.at\/wp-content\/uploads\/2021\/08\/LUV-Logo-ohne-Rand-768x403.jpg 768w, https:\/\/toplehrling.at\/wp-content\/uploads\/2021\/08\/LUV-Logo-ohne-Rand.jpg 1240w\" sizes=\"auto, (max-width: 405px) 100vw, 405px\" \/><\/a><\/figure>\n","protected":false},"excerpt":{"rendered":"<p>Erfolgreich die Ausbildung abzuschlie\u00dfen ist ein wichtiger Schritt f\u00fcr die Berufskarriere.Gemeinsames Lernen und \u00dcben tr\u00e4gt zum Lernerfolg bei.Der LUV (Lehrlingsunterst\u00fctzungsverein) bietet die M\u00f6glichkeit, dass gute Lehrlinge anderen beim Lernen helfen &#8211; eine Win-Win Situation f\u00fcr alle.<\/p>\n","protected":false},"author":2,"featured_media":0,"parent":0,"menu_order":0,"comment_status":"closed","ping_status":"closed","template":"","meta":{"footnotes":""},"class_list":["post-100","page","type-page","status-publish","hentry"],"_links":{"self":[{"href":"https:\/\/toplehrling.at\/index.php?rest_route=\/wp\/v2\/pages\/100","targetHints":{"allow":["GET"]}}],"collection":[{"href":"https:\/\/toplehrling.at\/index.php?rest_route=\/wp\/v2\/pages"}],"about":[{"href":"https:\/\/toplehrling.at\/index.php?rest_route=\/wp\/v2\/types\/page"}],"author":[{"embeddable":true,"href":"https:\/\/toplehrling.at\/index.php?rest_route=\/wp\/v2\/users\/2"}],"replies":[{"embeddable":true,"href":"https:\/\/toplehrling.at\/index.php?rest_route=%2Fwp%2Fv2%2Fcomments&post=100"}],"version-history":[{"count":13,"href":"https:\/\/toplehrling.at\/index.php?rest_route=\/wp\/v2\/pages\/100\/revisions"}],"predecessor-version":[{"id":513,"href":"https:\/\/toplehrling.at\/index.php?rest_route=\/wp\/v2\/pages\/100\/revisions\/513"}],"wp:attachment":[{"href":"https:\/\/toplehrling.at\/index.php?rest_route=%2Fwp%2Fv2%2Fmedia&parent=100"}],"curies":[{"name":"wp","href":"https:\/\/api.w.org\/{rel}","templated":true}]}}